{"id":846,"date":"2017-11-13T12:09:39","date_gmt":"2017-11-13T11:09:39","guid":{"rendered":"https:\/\/street-photography.berlin\/wp-content\/uploads\/2017\/10\/DSC05245-Cardelou-frontal-1200.jpg"},"modified":"2024-08-04T13:57:25","modified_gmt":"2024-08-04T11:57:25","slug":"dsc05245-cardelou-frontal-1200","status":"inherit","type":"attachment","link":"https:\/\/street-photography.berlin\/en\/fotogalerie\/dsc05245-cardelou-frontal-1200\/","title":{"rendered":"&#8220;Mit uns durch Berlin!&#8221;, Unter den Linden, Berlin"},"author":1,"featured_media":0,"comment_status":"open","ping_status":"closed","template":"","meta":{"_et_pb_use_builder":"","_et_pb_old_content":"","_et_gb_content_width":""},"class_list":["post-846","attachment","type-attachment","status-inherit","hentry"],"yoast_head":"<!-- This site is optimized with the Yoast SEO plugin v26.9 - https:\/\/yoast.com\/product\/yoast-seo-wordpress\/ -->\n<title>&quot;Mit uns durch Berlin!&quot;, Unter den Linden, Berlin - Street Photography von La \u00dct<\/title>\n<meta name=\"robots\" content=\"index, follow, max-snippet:-1, max-image-preview:large, max-video-preview:-1\" \/>\n<link rel=\"canonical\" href=\"https:\/\/street-photography.berlin\/wp-content\/uploads\/2017\/10\/DSC05245-Cardelou-frontal-1200.jpg\" \/>\n<meta property=\"og:locale\" content=\"en_US\" \/>\n<meta property=\"og:type\" content=\"article\" \/>\n<meta property=\"og:title\" content=\"&quot;Mit uns durch Berlin!&quot;, Unter den Linden, Berlin - Street Photography von La \u00dct\" \/>\n<meta property=\"og:description\" content=\"cardelou.com\" \/>\n<meta property=\"og:url\" content=\"https:\/\/street-photography.berlin\/wp-content\/uploads\/2017\/10\/DSC05245-Cardelou-frontal-1200.jpg\" \/>\n<meta property=\"og:site_name\" content=\"Street Photography von La \u00dct\" \/>\n<meta property=\"article:modified_time\" content=\"2024-08-04T11:57:25+00:00\" \/>\n<meta property=\"og:image\" content=\"https:\/\/street-photography.berlin\/wp-content\/uploads\/2017\/10\/DSC05245-Cardelou-frontal-1200.jpg\" \/>\n\t<meta property=\"og:image:width\" content=\"1200\" \/>\n\t<meta property=\"og:image:height\" content=\"800\" \/>\n\t<meta property=\"og:image:type\" content=\"image\/jpeg\" \/>\n<meta name=\"twitter:card\" content=\"summary_large_image\" \/>\n<script type=\"application\/ld+json\" class=\"yoast-schema-graph\">{\"@context\":\"https:\/\/schema.org\",\"@graph\":[{\"@type\":\"WebPage\",\"@id\":\"https:\/\/street-photography.berlin\/wp-content\/uploads\/2017\/10\/DSC05245-Cardelou-frontal-1200.jpg\",\"url\":\"https:\/\/street-photography.berlin\/wp-content\/uploads\/2017\/10\/DSC05245-Cardelou-frontal-1200.jpg\",\"name\":\"\\\"Mit uns durch Berlin!\\\", Unter den Linden, Berlin - Street Photography von La \u00dct\",\"isPartOf\":{\"@id\":\"https:\/\/street-photography.berlin\/en\/#website\"},\"datePublished\":\"2017-11-13T11:09:39+00:00\",\"dateModified\":\"2024-08-04T11:57:25+00:00\",\"breadcrumb\":{\"@id\":\"https:\/\/street-photography.berlin\/wp-content\/uploads\/2017\/10\/DSC05245-Cardelou-frontal-1200.jpg#breadcrumb\"},\"inLanguage\":\"en-US\",\"potentialAction\":[{\"@type\":\"ReadAction\",\"target\":[[\"https:\/\/street-photography.berlin\/wp-content\/uploads\/2017\/10\/DSC05245-Cardelou-frontal-1200.jpg\"]]}]},{\"@type\":\"BreadcrumbList\",\"@id\":\"https:\/\/street-photography.berlin\/wp-content\/uploads\/2017\/10\/DSC05245-Cardelou-frontal-1200.jpg#breadcrumb\",\"itemListElement\":[{\"@type\":\"ListItem\",\"position\":1,\"name\":\"Startseite\",\"item\":\"https:\/\/street-photography.berlin\/en\/\"},{\"@type\":\"ListItem\",\"position\":2,\"name\":\"Fotogalerie von La \u00dct\",\"item\":\"https:\/\/street-photography.berlin\/en\/\"},{\"@type\":\"ListItem\",\"position\":3,\"name\":\"&#8222;Mit uns durch Berlin!&#8220;, Unter den Linden, Berlin\"}]},{\"@type\":\"WebSite\",\"@id\":\"https:\/\/street-photography.berlin\/en\/#website\",\"url\":\"https:\/\/street-photography.berlin\/en\/\",\"name\":\"Street Photography von La \u00dct\",\"description\":\"Ute Herzog &quot;La \u00dct&quot; Foto K\u00fcnstlerin\",\"potentialAction\":[{\"@type\":\"SearchAction\",\"target\":{\"@type\":\"EntryPoint\",\"urlTemplate\":\"https:\/\/street-photography.berlin\/en\/?s={search_term_string}\"},\"query-input\":{\"@type\":\"PropertyValueSpecification\",\"valueRequired\":true,\"valueName\":\"search_term_string\"}}],\"inLanguage\":\"en-US\"}]}<\/script>\n<!-- \/ Yoast SEO plugin. -->","yoast_head_json":{"title":"\"Mit uns durch Berlin!\", Unter den Linden, Berlin - Street Photography von La \u00dct","robots":{"index":"index","follow":"follow","max-snippet":"max-snippet:-1","max-image-preview":"max-image-preview:large","max-video-preview":"max-video-preview:-1"},"canonical":"https:\/\/street-photography.berlin\/wp-content\/uploads\/2017\/10\/DSC05245-Cardelou-frontal-1200.jpg","og_locale":"en_US","og_type":"article","og_title":"\"Mit uns durch Berlin!\", Unter den Linden, Berlin - Street Photography von La \u00dct","og_description":"cardelou.com","og_url":"https:\/\/street-photography.berlin\/wp-content\/uploads\/2017\/10\/DSC05245-Cardelou-frontal-1200.jpg","og_site_name":"Street Photography von La \u00dct","article_modified_time":"2024-08-04T11:57:25+00:00","og_image":[{"width":1200,"height":800,"url":"https:\/\/street-photography.berlin\/wp-content\/uploads\/2017\/10\/DSC05245-Cardelou-frontal-1200.jpg","type":"image\/jpeg"}],"twitter_card":"summary_large_image","schema":{"@context":"https:\/\/schema.org","@graph":[{"@type":"WebPage","@id":"https:\/\/street-photography.berlin\/wp-content\/uploads\/2017\/10\/DSC05245-Cardelou-frontal-1200.jpg","url":"https:\/\/street-photography.berlin\/wp-content\/uploads\/2017\/10\/DSC05245-Cardelou-frontal-1200.jpg","name":"\"Mit uns durch Berlin!\", Unter den Linden, Berlin - Street Photography von La \u00dct","isPartOf":{"@id":"https:\/\/street-photography.berlin\/en\/#website"},"datePublished":"2017-11-13T11:09:39+00:00","dateModified":"2024-08-04T11:57:25+00:00","breadcrumb":{"@id":"https:\/\/street-photography.berlin\/wp-content\/uploads\/2017\/10\/DSC05245-Cardelou-frontal-1200.jpg#breadcrumb"},"inLanguage":"en-US","potentialAction":[{"@type":"ReadAction","target":[["https:\/\/street-photography.berlin\/wp-content\/uploads\/2017\/10\/DSC05245-Cardelou-frontal-1200.jpg"]]}]},{"@type":"BreadcrumbList","@id":"https:\/\/street-photography.berlin\/wp-content\/uploads\/2017\/10\/DSC05245-Cardelou-frontal-1200.jpg#breadcrumb","itemListElement":[{"@type":"ListItem","position":1,"name":"Startseite","item":"https:\/\/street-photography.berlin\/en\/"},{"@type":"ListItem","position":2,"name":"Fotogalerie von La \u00dct","item":"https:\/\/street-photography.berlin\/en\/"},{"@type":"ListItem","position":3,"name":"&#8222;Mit uns durch Berlin!&#8220;, Unter den Linden, Berlin"}]},{"@type":"WebSite","@id":"https:\/\/street-photography.berlin\/en\/#website","url":"https:\/\/street-photography.berlin\/en\/","name":"Street Photography von La \u00dct","description":"Ute Herzog &quot;La \u00dct&quot; Foto K\u00fcnstlerin","potentialAction":[{"@type":"SearchAction","target":{"@type":"EntryPoint","urlTemplate":"https:\/\/street-photography.berlin\/en\/?s={search_term_string}"},"query-input":{"@type":"PropertyValueSpecification","valueRequired":true,"valueName":"search_term_string"}}],"inLanguage":"en-US"}]}},"description":{"rendered":"<p class=\"attachment\"><a href='https:\/\/street-photography.berlin\/wp-content\/uploads\/2017\/10\/DSC05245-Cardelou-frontal-1200.jpg'><img loading=\"lazy\" decoding=\"async\" width=\"360\" height=\"240\" src=\"https:\/\/street-photography.berlin\/wp-content\/uploads\/2017\/10\/DSC05245-Cardelou-frontal-1200-360x240.jpg\" class=\"attachment-medium size-medium\" alt=\"Street photo &quot;Mit uns durch Berlin!&quot;, Unter den Linden, Berlin\" srcset=\"https:\/\/street-photography.berlin\/wp-content\/uploads\/2017\/10\/DSC05245-Cardelou-frontal-1200-360x240.jpg 360w, https:\/\/street-photography.berlin\/wp-content\/uploads\/2017\/10\/DSC05245-Cardelou-frontal-1200-768x512.jpg 768w, https:\/\/street-photography.berlin\/wp-content\/uploads\/2017\/10\/DSC05245-Cardelou-frontal-1200-1024x683.jpg 1024w, https:\/\/street-photography.berlin\/wp-content\/uploads\/2017\/10\/DSC05245-Cardelou-frontal-1200-1080x720.jpg 1080w, https:\/\/street-photography.berlin\/wp-content\/uploads\/2017\/10\/DSC05245-Cardelou-frontal-1200.jpg 1200w\" sizes=\"(max-width: 360px) 100vw, 360px\" \/><\/a><\/p>\n"},"caption":{"rendered":"<p>cardelou.com<\/p>\n"},"alt_text":"Street photo \"Mit uns durch Berlin!\", Unter den Linden, Berlin","media_type":"image","mime_type":"image\/jpeg","media_details":{"width":1200,"height":800,"file":"2017\/10\/DSC05245-Cardelou-frontal-1200.jpg","sizes":{"thumbnail":{"file":"DSC05245-Cardelou-frontal-1200-150x150.jpg","width":150,"height":150,"mime_type":"image\/jpeg","source_url":"https:\/\/street-photography.berlin\/wp-content\/uploads\/2017\/10\/DSC05245-Cardelou-frontal-1200-150x150.jpg"},"medium":{"file":"DSC05245-Cardelou-frontal-1200-360x240.jpg","width":360,"height":240,"mime_type":"image\/jpeg","source_url":"https:\/\/street-photography.berlin\/wp-content\/uploads\/2017\/10\/DSC05245-Cardelou-frontal-1200-360x240.jpg"},"medium_large":{"file":"DSC05245-Cardelou-frontal-1200-768x512.jpg","width":768,"height":512,"mime_type":"image\/jpeg","source_url":"https:\/\/street-photography.berlin\/wp-content\/uploads\/2017\/10\/DSC05245-Cardelou-frontal-1200-768x512.jpg"},"large":{"file":"DSC05245-Cardelou-frontal-1200-1024x683.jpg","width":1024,"height":683,"mime_type":"image\/jpeg","source_url":"https:\/\/street-photography.berlin\/wp-content\/uploads\/2017\/10\/DSC05245-Cardelou-frontal-1200-1024x683.jpg"},"et-pb-post-main-image":{"file":"DSC05245-Cardelou-frontal-1200-400x250.jpg","width":400,"height":250,"mime_type":"image\/jpeg","source_url":"https:\/\/street-photography.berlin\/wp-content\/uploads\/2017\/10\/DSC05245-Cardelou-frontal-1200-400x250.jpg"},"et-pb-post-main-image-fullwidth":{"file":"DSC05245-Cardelou-frontal-1200-1080x675.jpg","width":1080,"height":675,"mime_type":"image\/jpeg","source_url":"https:\/\/street-photography.berlin\/wp-content\/uploads\/2017\/10\/DSC05245-Cardelou-frontal-1200-1080x675.jpg"},"et-pb-portfolio-image":{"file":"DSC05245-Cardelou-frontal-1200-400x284.jpg","width":400,"height":284,"mime_type":"image\/jpeg","source_url":"https:\/\/street-photography.berlin\/wp-content\/uploads\/2017\/10\/DSC05245-Cardelou-frontal-1200-400x284.jpg"},"et-pb-portfolio-module-image":{"file":"DSC05245-Cardelou-frontal-1200-510x382.jpg","width":510,"height":382,"mime_type":"image\/jpeg","source_url":"https:\/\/street-photography.berlin\/wp-content\/uploads\/2017\/10\/DSC05245-Cardelou-frontal-1200-510x382.jpg"},"et-pb-portfolio-image-single":{"file":"DSC05245-Cardelou-frontal-1200-1080x720.jpg","width":1080,"height":720,"mime_type":"image\/jpeg","source_url":"https:\/\/street-photography.berlin\/wp-content\/uploads\/2017\/10\/DSC05245-Cardelou-frontal-1200-1080x720.jpg"},"et-pb-gallery-module-image-portrait":{"file":"DSC05245-Cardelou-frontal-1200-400x516.jpg","width":400,"height":516,"mime_type":"image\/jpeg","source_url":"https:\/\/street-photography.berlin\/wp-content\/uploads\/2017\/10\/DSC05245-Cardelou-frontal-1200-400x516.jpg"},"full":{"file":"DSC05245-Cardelou-frontal-1200.jpg","width":1200,"height":800,"mime_type":"image\/jpeg","source_url":"https:\/\/street-photography.berlin\/wp-content\/uploads\/2017\/10\/DSC05245-Cardelou-frontal-1200.jpg"}},"image_meta":{"aperture":"0","credit":"","camera":"","caption":"","created_timestamp":"0","copyright":"ute herzog","focal_length":"0","iso":"0","shutter_speed":"0","title":"","orientation":"0","keywords":[]}},"post":597,"source_url":"https:\/\/street-photography.berlin\/wp-content\/uploads\/2017\/10\/DSC05245-Cardelou-frontal-1200.jpg"}

<!-- This site is optimized with the Yoast SEO plugin v26.9 - https://yoast.com/product/yoast-seo-wordpress/ -->
<title>&quot;Mit uns durch Berlin!&quot;, Unter den Linden, Berlin - Street Photography von La Üt</title>
<meta name="robots" content="index, follow, max-snippet:-1, max-image-preview:large, max-video-preview:-1" />
<link rel="canonical" href="https://street-photography.berlin/wp-content/uploads/2017/10/DSC05245-Cardelou-frontal-1200.jpg" />
<meta property="og:locale" content="en_US" />
<meta property="og:type" content="article" />
<meta property="og:title" content="&quot;Mit uns durch Berlin!&quot;, Unter den Linden, Berlin - Street Photography von La Üt" />
<meta property="og:description" content="cardelou.com" />
<meta property="og:url" content="https://street-photography.berlin/wp-content/uploads/2017/10/DSC05245-Cardelou-frontal-1200.jpg" />
<meta property="og:site_name" content="Street Photography von La Üt" />
<meta property="article:modified_time" content="2024-08-04T11:57:25+00:00" />
<meta property="og:image" content="https://street-photography.berlin/wp-content/uploads/2017/10/DSC05245-Cardelou-frontal-1200.jpg" />
	<meta property="og:image:width" content="1200" />
	<meta property="og:image:height" content="800" />
	<meta property="og:image:type" content="image/jpeg" />
<meta name="twitter:card" content="summary_large_image" />
<script type="application/ld+json" class="yoast-schema-graph">{"@context":"https://schema.org","@graph":[{"@type":"WebPage","@id":"https://street-photography.berlin/wp-content/uploads/2017/10/DSC05245-Cardelou-frontal-1200.jpg","url":"https://street-photography.berlin/wp-content/uploads/2017/10/DSC05245-Cardelou-frontal-1200.jpg","name":"\"Mit uns durch Berlin!\", Unter den Linden, Berlin - Street Photography von La Üt","isPartOf":{"@id":"https://street-photography.berlin/en/#website"},"datePublished":"2017-11-13T11:09:39+00:00","dateModified":"2024-08-04T11:57:25+00:00","breadcrumb":{"@id":"https://street-photography.berlin/wp-content/uploads/2017/10/DSC05245-Cardelou-frontal-1200.jpg#breadcrumb"},"inLanguage":"en-US","potentialAction":[{"@type":"ReadAction","target":[["https://street-photography.berlin/wp-content/uploads/2017/10/DSC05245-Cardelou-frontal-1200.jpg"]]}]},{"@type":"BreadcrumbList","@id":"https://street-photography.berlin/wp-content/uploads/2017/10/DSC05245-Cardelou-frontal-1200.jpg#breadcrumb","itemListElement":[{"@type":"ListItem","position":1,"name":"Startseite","item":"https://street-photography.berlin/en/"},{"@type":"ListItem","position":2,"name":"Fotogalerie von La Üt","item":"https://street-photography.berlin/en/"},{"@type":"ListItem","position":3,"name":"&#8222;Mit uns durch Berlin!&#8220;, Unter den Linden, Berlin"}]},{"@type":"WebSite","@id":"https://street-photography.berlin/en/#website","url":"https://street-photography.berlin/en/","name":"Street Photography von La Üt","description":"Ute Herzog &quot;La Üt&quot; Foto Künstlerin","potentialAction":[{"@type":"SearchAction","target":{"@type":"EntryPoint","urlTemplate":"https://street-photography.berlin/en/?s={search_term_string}"},"query-input":{"@type":"PropertyValueSpecification","valueRequired":true,"valueName":"search_term_string"}}],"inLanguage":"en-US"}]}</script>
<!-- / Yoast SEO plugin. -->

"Mit uns durch Berlin!", Unter den Linden, Berlin - Street Photography von La Üt

Street Photography von La Üt

Fotogalerie von La Üt

Ute Herzog &quot;La Üt&quot; Foto Künstlerin
